pose 4*m = k*q - 0*m - 10, -2*q - 2*m + 4 = 0. Is 14377/22 - 1/q prime?
True
Suppose -2*i - 3422 = -3*u + 5262, 0 = 5*u + i - 14469. Is u a composite number?
True
Let g(q) = q**3 - q**2 - q + 4. Let h be g(0). Let i(u) = -18*u + 7*u - h*u**3 + 9*u + 2*u**2 - 3. Is i(-3) prime?
False
Suppose 21*k + 452 = 3875. Is k composite?
False
Let y(b) = 3620*b**3. Let d be y(1). Suppose -4*c + 5*a = -2901, 5*a + d = 2*c + 3*c. Is c a prime number?
True
Let b(k) = -724*k - 13 - 1217*k - 181*k - 468*k. Is b(-2) a composite number?
False
Suppose -4*b - 1274 = -3*x, -2*x - 2*b = 3*b - 880. Let r = x - -75. Is r a prime number?
False
Let a(r) = 75*r**2 - 20*r + 180. Is a(7) a composite number?
True
Let x(h) = -8*h**3 - 5*h**2 - 7*h - 6. Let k be x(-9). Let g = k - 2281. Is g composite?
False
Let f(m) = 51*m - 11. Is f(10) a composite number?
False
Suppose -80*z + 13*z = -1124729. Is z a composite number?
False
Let i(h) = h + 6. Let o be i(11). Let b = 144 - o. Is b a composite number?
False
Suppose 53 = 3*m + 4*o, -4*o = 7*m - 2*m - 83. Let z = m - 15. Is 213 - (4 + -2 - z) composite?
False
Let r = 332 - 47. Let q = -69 + 220. Let n = r - q. Is n prime?
False
Suppose -2*f - 9 = -5*f. Let u be 1/((-1)/f) - -568. Suppose -b = 4*b - u. Is b composite?
False
Let k(s) = 4*s**2 - s. Let w be k(1). Suppose 5249 = 15*q - 35941. Suppose o = 2*x - 1824, w*x = -0*o - o + q. Is x a prime number?
False
Let v = -27427 - -57668. Is v composite?
False
Let z = 1349 - 970. Is z composite?
False
Suppose -472 = -8*n + 33368. Let c = n + -2363. Is c a prime number?
True
Suppose -3*x - 1061 + 2822 = 3*f, -4*x = -2*f - 2348. Is x prime?
True
Suppose 0 = 6*n - 4*n - 2*c - 12, -n + 3*c = -10. Is 4 + (n - -778) - -1 a prime number?
True
Let n(p) be the first derivative of 13*p**2/2 - 7*p + 15. Is n(10) prime?
False
Let i = 962 + -483. Is i a prime number?
True
Let i = 96840 - 53389. Is i composite?
False
Suppose 5*m - 3048 = 2*m. Let r(f) = -f**2 - 7*f + 7. Let o be r(-8). Is (m/(-16))/(o/2) a composite number?
False
Suppose -6 = -s + 4*v, 7*s - 2*s - 7 = -3*v. Suppose 0 = 8*p - s*p - 426. Is p composite?
False
Let g = -28 + 33. Suppose -22380 = -g*j - 0*j. Is (-1)/((-4)/j*3) prime?
True
Suppose -5*z + 0*y + 14 = y, 4*y - 16 = 0. Suppose z*o = o - 167. Let d = o - -352. Is d composite?
True
Suppose 0 = 2*r + 3*r - 35. Suppose -p + r = 11. Let i(s) = -50*s + 11. Is i(p) a composite number?
False
Suppose -q + 2*t - t + 3514 = 0, q = 3*t + 3520. Is q a composite number?
False
Suppose 2*g - 1807 = 3*m + 943, 3*g + 2*m - 4151 = 0. Is g a prime number?
True
Let l = -883 + 2006. Is l a composite number?
False
Let d be ((-16)/12 + 2)/((-4)/(-18)). Is 553 + (3 - d - 0)/1 composite?
True
Suppose 0 = 2*s - 18379 - 9907. Is s a composite number?
False
Let t(k) = -3 - 5*k + 4*k + 4*k - 2 + k**2. Is t(-11) a composite number?
False
Let m(l) = 9*l**2 - 29*l + 189. Is m(19) a prime number?
True
Let d = 5653 + 796. Is d a composite number?
False
Let r = -13 - -16. Let n be r/12 + (-7551)/12. Let b = n + 892. Is b prime?
True
Let q be (-12)/8*4/3. Let z be (9 + q)*(3 - -8). Is (-1302)/(-22) - 14/z a composite number?
False
Let a(h) = -h**3 + 56*h**2 - 35*h - 107. Is a(51) a prime number?
True
Let b(d) be the second derivative of 2*d**5/15 + d**4/8 - 2*d**3/3 - 4*d**2 + d. Let k(w) be the first derivative of b(w). Is k(3) a prime number?
False
Let o(h) = h**2 - 25*h - 29. Let n(z) = z**2 - 12*z - 14. Let a(w) = 7*n(w) - 4*o(w). Is a(-11) prime?
False
Suppose 0*g - 396 = 9*g. Let y = 77 + g. Is y prime?
False
Let y(m) = 2*m - 14. Let l be y(7). Suppose -3*c + l*c + 5793 = 0. Is c a prime number?
True
Suppose 2*d - q - 429 = -57, 5*d + q = 937. Let w = 184 + d. Is w a composite number?
True
Suppose 0 = 5*q - 5, f + 0*q - 1 = -5*q. Let x be 6 + (-1 + 5)/f. Suppose 2*r - 98 = -4*s + x*s, -r + 27 = 5*s. Is r composite?
False
Suppose -8*i + 3*i - 5*m = 15, 0 = -5*m - 25. Suppose 4*s + 1604 = 2*d, -i*s - 397 = 2*d + 393. Let w = 718 + s. Is w a composite number?
True
Suppose -76*t + 63819 = -67*t. Is t composite?
True
Let z be -5 - 13 - (-12)/3. Is (2152/z)/((-16)/56) composite?
True
Let j = 0 + -3. Is j/12 - (-442)/8 a prime number?
False
Let i = -6358 - -11427. Is i composite?
True
Suppose 0 = -275*u + 279*u - 24872. Is u a prime number?
False
Suppose 4*t = 3*t + 11551. Is t a prime number?
True
Let n = -243 + 174. Let j = n - -92. Is j a prime number?
True
Suppose -99*y + 580696 = -91*y. Is y composite?
True
Is (3 + 0 + 0)*(-56748)/(-18) prime?
False
Let b(w) = -55*w + 65*w + 23 + 111*w. Is b(8) composite?
False
Let f(k) = 3*k + 4 - 7*k + k + 7*k**2 + 1 - k**3. Let l(v) = -v**3 + 7*v**2 - 2*v + 4. Let t(g) = 5*f(g) - 4*l(g). Is t(-6) a composite number?
True
Suppose -g = 4*d + 3*g - 100, 0 = -3*d - g + 65. Suppose 0 = 3*y - y + d. Let v = y - -167. Is v a prime number?
True
Is (6075 - 0) + 30/(-10) + 1 prime?
True
Suppose -11 = s + 4*d + d, 50 = -2*s + 4*d. Let o be ((-35)/s)/((-2)/(-6)). Suppose -4*y + 742 = u, 0*y - 2*u = o*y - 929. Is y a composite number?
True
Let c be -1 - 2/(-1)*(-5)/(-5). Is 2 + c + 0 + 146 a prime number?
True
Let c = -253 + 763. Let s = 1405 - c. Is s a prime number?
False
Let j(a) = -a**2 + 1. Suppose -n = 3*r, -2*r - 4*n - 8 = 2. Let m be j(r). Suppose 5*q - g = 367, -5*q + m*g + 361 = -3*g. Is q a composite number?
True
Suppose 4*h + 3*c = 2*h + 1429, -2*h + 4*c = -1394. Is h a prime number?
False
Suppose -n = -5*n + 48. Let d(t) = -t**2 + 13*t - 16. Let i be d(n). Is 2646/10 - i/10 a prime number?
False
Let v(d) = -1579*d + 52. Is v(-7) a prime number?
False
Suppose x - 20990 = 13*b - 16*b, -3*x - 2*b + 63005 = 0. Is x a composite number?
True
Let y(k) = -1174*k + 3. Let p(r) = r**3 + 12*r**2 - 12*r + 12. Let q be p(-13). Is y(q) a prime number?
False
Let i(f) be the second derivative of f**4/6 - f**3/3 + 4*f**2 - 8*f. Let l be i(6). Suppose 2*d - o - l = -2*o, -173 = -5*d - o. Is d a composite number?
True
Let p = 59861 + -40962. Is p a composite number?
False
Let p(f) = f**3 - 9*f**2 - 3*f - 13. Let l(u) = u**3 - 10*u**2 - 3*u - 14. Let x(j) = -2*l(j) + 3*p(j). Suppose -5*m = 17 - 67. Is x(m) a prime number?
False
Suppose 0*c = -3*c - 2739. Let w = 340 - 962. Let s = w - c. Is s a composite number?
True
Let w = -1261 - -13404. Is w a composite number?
False
Let j = -1817 - -3178. Is j a composite number?
False
Let s = -42571 + 61220. Is s a prime number?
False
Let h(q) = q**2 + q + 1079. Is h(0) composite?
True
Suppose -3*g = 2*f - 3*f - 11078, -14789 = -4*g + 5*f. Is g prime?
True
Suppose -2*j - 26 = -3*t, -j - 2*t = -2*j - 15. Let l be ((-100)/35)/(2/j). Suppose 3*z - l = 20. Is z prime?
False
Let j(r) = 5*r**2 + 7*r - 7. Let b(o) = 85*o**2 + 120*o - 120. Let s(x) = -2*b(x) + 35*j(x). Let l be s(-5). Suppose -3*a = 2 - l. Is a composite?
False
Let t(y) = y**3 + 4*y**2 + y - 1. Let o be t(-4). Let r be 5 + (o - (-6 - -4)). Suppose -3*c = r*u - 1609, -3*u - 3*c + 571 = -1835. Is u prime?
True
Let x(g) be the first derivative of -68*g**3/3 - 7*g**2/2 - 9*g - 8. Let b(u) be the first derivative of x(u). Is b(-2) composite?
True
Let i = 56 - 58. Is 1366/(-3)*-3 - (i - -1) a composite number?
False
Let q(i) be the third derivative of i**5/10 - i**4/3 + i**3/2 - 53*i**2. Is q(21) prime?
False
Is ((-2014)/57)/(-2 - (-408)/207) composite?
True
Let r(j) = j. Let z be r(-1). Let d(k) = -275*k - 2. Let u be d(z). Suppose 3*m - u = -0*m. Is m a prime number?
False
Suppose q - 12 = -q. Let m(d) = 1 - q*d**3 - 2 + 2*d**3 - 1 + d**2. Is m(-3) composite?
True
Suppose -n - 20 = -6*n. Suppose -1012 = -n*o + 2808. Is o composite?
True
Is ((-222)/8)/(2 - 413/196) a composite number?
True
Suppose -3*w + 5*n = 2*w - 560, n - 3 = 0. Let j = -73 + w. Suppose -p + j = -223. Is p a composite number?
True
Let p(b) = -b**3 + 2*b**2 - 2*b + 1. Let i be p(1). Suppose i = 2*j - 0*j. Suppose j = -s - 10 + 41. Is s a composite number?
False
Suppose -2*g - 15 = 33. Let k = -19 - g. Suppose 0 = -2*q + 6, -k*o - 5*q + 203 = -47. Is o prime?
True
Let r(o) = o**3 - 6*o**2 - 4*o - 23. Let s be r(10). Let u = s - -2292. Is u a prime number?
False
Suppose -29432 = 8*j - 226704. Is j a prime number?
True
Suppose x - 5*p + 14 = 4*x, 5*x + 3*p - 2 = 0. Let s be (-4)/x*1897/(-14). Let j = s + 456. Is j composite?
T